{"id":43,"date":"2025-03-14T21:16:04","date_gmt":"2025-03-14T21:16:04","guid":{"rendered":"https:\/\/kauppa.bittiparrat.fi\/blog\/?page_id=43"},"modified":"2025-03-14T21:16:05","modified_gmt":"2025-03-14T21:16:05","slug":"43-2","status":"publish","type":"page","link":"https:\/\/kauppa.bittiparrat.fi\/blog\/43-2\/","title":{"rendered":""},"content":{"rendered":"\n<pre class=\"wp-block-code\"><code>&#91;file_manager_advanced login=\"yes\" roles=\"author,editor,administrator\" path=\"wp-content\" hide=\"plugins\" operations=\"upload,download\" block_users=\"5\" view=\"grid\" theme=\"light\" lang =\"en\" upload_allow=\"all\" upload_max_size=\"2G\"]<\/code><\/pre>\n\n\n\n<div class=\"wp-block-group is-vertical is-layout-flex wp-container-core-group-is-layout-8cf370e7 wp-block-group-is-layout-flex\"><\/div>\n\n\n\n<!--nextpage-->\n\n\n<div class=\"wp-block-calendar\"><table id=\"wp-calendar\" class=\"wp-calendar-table\">\n\t<caption>huhtikuu 2026<\/caption>\n\t<thead>\n\t<tr>\n\t\t<th scope=\"col\" aria-label=\"maanantai\">ma<\/th>\n\t\t<th scope=\"col\" aria-label=\"tiistai\">ti<\/th>\n\t\t<th scope=\"col\" aria-label=\"keskiviikko\">ke<\/th>\n\t\t<th scope=\"col\" aria-label=\"torstai\">to<\/th>\n\t\t<th scope=\"col\" aria-label=\"perjantai\">pe<\/th>\n\t\t<th scope=\"col\" aria-label=\"lauantai\">la<\/th>\n\t\t<th scope=\"col\" aria-label=\"sunnuntai\">su<\/th>\n\t<\/tr>\n\t<\/thead>\n\t<tbody>\n\t<tr>\n\t\t<td colspan=\"2\" class=\"pad\">&nbsp;<\/td><td>1<\/td><td>2<\/td><td>3<\/td><td>4<\/td><td>5<\/td>\n\t<\/tr>\n\t<tr>\n\t\t<td>6<\/td><td>7<\/td><td>8<\/td><td>9<\/td><td>10<\/td><td>11<\/td><td>12<\/td>\n\t<\/tr>\n\t<tr>\n\t\t<td id=\"today\">13<\/td><td>14<\/td><td>15<\/td><td>16<\/td><td>17<\/td><td>18<\/td><td>19<\/td>\n\t<\/tr>\n\t<tr>\n\t\t<td>20<\/td><td>21<\/td><td>22<\/td><td>23<\/td><td>24<\/td><td>25<\/td><td>26<\/td>\n\t<\/tr>\n\t<tr>\n\t\t<td>27<\/td><td>28<\/td><td>29<\/td><td>30<\/td>\n\t\t<td class=\"pad\" colspan=\"3\">&nbsp;<\/td>\n\t<\/tr>\n\t<\/tbody>\n\t<\/table><nav aria-label=\"Edelliset ja seuraavat kuukaudet\" class=\"wp-calendar-nav\">\n\t\t<span class=\"wp-calendar-nav-prev\"><a href=\"https:\/\/kauppa.bittiparrat.fi\/blog\/2025\/03\/\">&laquo; maalis<\/a><\/span>\n\t\t<span class=\"pad\">&nbsp;<\/span>\n\t\t<span class=\"wp-calendar-nav-next\">&nbsp;<\/span>\n\t<\/nav><\/div>\n\n<ul class=\"wp-block-categories-list wp-block-categories\"><li class=\"cat-item-none\">Ei avainsanoja<\/li><\/ul>\n\n\n<ul class=\"wp-block-social-links is-layout-flex wp-block-social-links-is-layout-flex\"><\/ul>\n\n\n\n<ul class=\"wp-block-social-links is-layout-flex wp-block-social-links-is-layout-flex\"><\/ul>\n\n\n<p class=\"wp-block-tag-cloud\">T\u00e4\u00e4ll\u00e4 ei ole viel\u00e4 n\u00e4ytett\u00e4v\u00e4\u00e4 sis\u00e4lt\u00f6\u00e4.<\/p>\n\n<div class=\"wp-block-post-author-name\">admin<\/div>\n\n\n\n\n\n\n\n\n\n\n<p><\/p>\n","protected":false},"excerpt":{"rendered":"","protected":false},"author":1,"featured_media":0,"parent":0,"menu_order":0,"comment_status":"closed","ping_status":"closed","template":"","meta":{"footnotes":""},"class_list":["post-43","page","type-page","status-publish"],"_links":{"self":[{"href":"https:\/\/kauppa.bittiparrat.fi\/blog\/wp-json\/wp\/v2\/pages\/43","targetHints":{"allow":["GET"]}}],"collection":[{"href":"https:\/\/kauppa.bittiparrat.fi\/blog\/wp-json\/wp\/v2\/pages"}],"about":[{"href":"https:\/\/kauppa.bittiparrat.fi\/blog\/wp-json\/wp\/v2\/types\/page"}],"author":[{"embeddable":true,"href":"https:\/\/kauppa.bittiparrat.fi\/blog\/wp-json\/wp\/v2\/users\/1"}],"replies":[{"embeddable":true,"href":"https:\/\/kauppa.bittiparrat.fi\/blog\/wp-json\/wp\/v2\/comments?post=43"}],"version-history":[{"count":1,"href":"https:\/\/kauppa.bittiparrat.fi\/blog\/wp-json\/wp\/v2\/pages\/43\/revisions"}],"predecessor-version":[{"id":46,"href":"https:\/\/kauppa.bittiparrat.fi\/blog\/wp-json\/wp\/v2\/pages\/43\/revisions\/46"}],"wp:attachment":[{"href":"https:\/\/kauppa.bittiparrat.fi\/blog\/wp-json\/wp\/v2\/media?parent=43"}],"curies":[{"name":"wp","href":"https:\/\/api.w.org\/{rel}","templated":true}]}}